ose -4*h = -5*i + 360, -2*i + 2*h - 6*h = -116. What is the highest common divisor of y and i?
17
Suppose -35*d + 46197 = -26*d + 50*d. What is the highest common factor of 675 and d?
27
Suppose -151*x + 83*x = -79*x + 4422. Calculate the greatest common factor of 4288 and x.
134
Let x(s) = s**3 - 5*s**2 - 3*s + 16. Let w be x(0). Calculate the greatest common factor of w and 1448.
8
Let a be (156/6)/(1/9). Suppose -28*b + 2003 + 1133 = 0. Suppose 18*h + 5*d + 98 = 21*h, 0 = 4*h - 2*d - b. What is the highest common divisor of a and h?
26
Let u = -21457 + 21772. What is the highest common divisor of 36 and u?
9
Let l be (1/(-5))/(-9 - (-1568)/175). Suppose -l*i + 280 = 2*y, i + 7 = 5*y + 36. Calculate the highest common divisor of i and 4.
2
Let d = -516 + 580. Suppose d*c = 84*c - 13300. Calculate the greatest common divisor of 19 and c.
19
Suppose 3*u - 14 - 2 = -v, -3*u - 3*v = -18. Suppose -6*d + 6 = -u*d. Suppose 288 = -d*r + 18*r. What is the greatest common factor of 2 and r?
2
Let j(r) = -385*r - 22. Let q be j(-3). Calculate the highest common factor of q and 55.
11
Suppose 34*g - 51*g + 26*g - 12006 = 0. Calculate the highest common divisor of 299 and g.
23
Suppose 0 = 4*t - 42 - 26. Let s(y) = t + y**2 + 26*y**3 - 17. Let u be s(1). What is the greatest common factor of u and 18?
9
Let x be (22/8 + 1)/((-42)/112). Let w be 3*2 + x + 6. Let s be 3*w*539/33. Calculate the greatest common factor of s and 147.
49
Suppose 2*k + h - 40 = 0, -2*k + 36 = 2*h - 2. Let x = 212 - 115. Suppose -108*i = -x*i - 154. Calculate the highest common factor of i and k.
7
Let b(k) = -2*k + 5. Let p be b(0). Let w(q) = q**2 + 4. Let d be w(5). Suppose -p + d = 3*j. What is the greatest common factor of j and 12?
4
Let w(d) = -d + 18. Let z be w(-18). Let m = z - -52. Let a = -73 + m. What is the highest common factor of a and 10?
5
Let s = 339 - 123. Suppose -65*c = -53*c - s. Calculate the highest common factor of c and 18.
18
Let u = -259 - -267. Suppose -u*w = -3*w + 4*k - 239, -4*k = 4*w - 188. What is the greatest common divisor of w and 1479?
51
Let o(r) be the third derivative of -7*r**4/24 - r**3/6 + 4*r**2. Let d be o(-5). Let l = -9457 - -9491. Calculate the greatest common factor of l and d.
34
Let w = -2 - -6. Suppose -5*k + 28 = -w*k + 2*y, 0 = k + 4*y - 28. Calculate the highest common divisor of 63 and k.
7
Let g(v) = 2*v**2 - 18*v + 17. Let f be g(16). Suppose 147 = 3*h - 4*m, -f + 52 = -4*h + 3*m. What is the highest common divisor of h and 5?
5
Suppose -2*d - 2*h = -8, -3*h - 19 - 25 = -5*d. Let t(w) = 9*w + 710342 + 6*w - 710402. Let m be t(d). Calculate the greatest common factor of m and 5.
5
Suppose 0 = -4*j - 86 + 1298. What is the highest common divisor of 101 and j?
101
Let l(w) = -w**3 - 15*w**2 - 4*w - 15. Let o(b) = -b**2 - 2. Let t(m) = -l(m) + 4*o(m). Let s be t(-9). Calculate the highest common factor of 19 and s.
19
Let p be (54/(-12))/((9/60)/(153/(-34))). Let u(i) = -4*i + 3. Let a = -3 - 0. Let n be u(a). Calculate the greatest common divisor of n and p.
15
Suppose -3*n + 5*l + 653 = 125, -4*n = 3*l - 762. What is the greatest common divisor of 6107 and n?
31
Suppose -8*x + 6*z = -4*x - 162, -5*x + 4*z + 213 = 0. What is the greatest common factor of x and 795?
15
Suppose -200 = -11*q - 24. Suppose q*p = 7*p + 297. Suppose -5*v - 357 = -1842. Calculate the greatest common factor of p and v.
33
Let c(q) = -q**2 + 16*q - 3. Let j be c(16). Let b be j + ((-2)/2*1 - -15). What is the highest common factor of 275 and b?
11
Let v(h) = h**3 + 132*h**2 + 10*h + 1322. Let j be v(-132). Calculate the highest common divisor of j and 268.
2
Let o = -24 - -50. Suppose 0 = x + l - 6, x + 6 = 4*x - l. Suppose -x*b - 195 = -6*b. What is the greatest common divisor of b and o?
13
Suppose 2*c - 5*p + 0*p - 365 = 0, -2*c + 2*p + 374 = 0. Suppose -t = 3*t - 72. Suppose t*r - 380 = 8*r. What is the greatest common factor of c and r?
38
Suppose -91*t + 21580 = 2*a - 95*t, 0 = a + 3*t - 10785. Calculate the greatest common divisor of a and 434.
62
Let l = 40 - -110. Let c = 4457 - 4433. Calculate the highest common factor of l and c.
6
Let a(q) = -q + 15. Let b be a(10). Suppose -y + 8 = -b*y. Let t be -1 - (y - 3) - -2. What is the greatest common factor of t and 4?
2
Let u(k) = -k**3 - 6*k**2 + 46*k + 13. Let s be u(-11). Let z(m) = -7*m. Let c be z(-4). What is the highest common divisor of c and s?
28
Let w(i) = -55*i + 37. Let x be w(-17). Suppose -364 = 965*n - x*n. Calculate the greatest common factor of 234 and n.
26
Suppose -1563*r + 18 = -1545*r. What is the greatest common divisor of 107 and r?
1
Suppose 4*l - 157 = -109. Suppose l*f - 3330 = 18. Calculate the greatest common factor of f and 9.
9
Suppose 282*p = 277*p - 90. Let x be (-5 + 1 + 1)/(1/p). Let m = 15 + -9. What is the highest common factor of x and m?
6
Suppose 0*j = -3*x + j + 47, 3*x + 2*j - 41 = 0. Suppose -2*y + x = -5*y. Let f be (2/(-4))/(y/40). Calculate the highest common factor of f and 8.
4
Suppose -5*i - 5*n + 200 = 0, -5*n - 155 = -5*i - n. Let j(g) = -3*g - 25. Let p be j(-10). Calculate the greatest common divisor of p and i.
5
Let v(w) = 17*w + 146. Let c be v(-8). Let d = 242 - 112. Calculate the highest common divisor of c and d.
10
Let m(a) = 10*a**2 + a - 3. Let u be m(-3). Let f = -18 + u. Let h(t) = 37*t + 281. Let d be h(-7). Calculate the greatest common divisor of f and d.
22
Let a be (-822)/35757 + 25062/261. Let p be (-1)/(-3) + (-718)/(-6). Calculate the greatest common divisor of p and a.
24
Let b be 90/(-11) + ((-238)/22 - -11). Let h be (-8)/((-374)/(-47) + b). What is the greatest common divisor of h and 141?
47
Suppose 0 = 2*a - 563 - 65. Let x = a - 210. Suppose -2*c + 186 = -10*d + 18*d, -2*d = 5*c + 3. What is the greatest common factor of x and d?
26
Suppose 15*d - 90 = 16*d. Let j be d/(-120) + 17/4. Suppose -4*x = -7*x + 2*y + 470, -j*x = y - 766. What is the greatest common divisor of 22 and x?
22
Let v be (-65)/15*135/(-5). Let x = v + -48. What is the highest common factor of 3 and x?
3
Let k = 1240 + -1009. What is the highest common factor of k and 649?
11
Let q(w) = 2*w + 1. Let p be q(5). Let k be 1326/15 - ((-16)/12)/(90/(-27)). What is the greatest common divisor of k and p?
11
Let w = 86 - 34. Let n(j) = 15414*j + j**3 + 28 - 15413*j + 8*j**2 + 7*j**2. Let r be n(-15). Calculate the highest common divisor of w and r.
13
Suppose -5*o - 585 = -326 - 304. What is the greatest common factor of o and 34308?
9
Let y(z) = -11*z - 4. Let s be y(-4). Let l = -1263 - -1731. Let t = -436 + l. Calculate the highest common divisor of s and t.
8
Let u be 4/12 + (1 - (6 + 245945/(-21))). Calculate the greatest common divisor of 23 and u.
23
Suppose -1404 = -18*a + 22*a. Let c = -341 - a. What is the greatest common factor of 10 and c?
10
Let b be -21*(-24)/(-16)*2*216/(-28). Calculate the highest common divisor of b and 540.
54
Let c(q) = -776*q - 1351. Let s be c(-2). Calculate the greatest common divisor of 27 and s.
3
Let c = 5414 + -5210. Calculate the greatest common divisor of 2108 and c.
68
Let k be (3 - 0)*(-40)/(-6). Let t be (-2)/(-5)*(3 - 18) - -9. Let j be (-1318)/(-6) + 1/t + 0. What is the highest common divisor of k and j?
20
Let n be ((-11490)/(-45))/((-4)/(-3) - 1). Suppose -104 = -2*d + n. What is the greatest common factor of d and 15?
15
Let y be 12/(-30) - 68/(-20). Let i = 75 - y. What is the greatest common factor of i and 54?
18
Suppose -18 = -34*d + 152. Let w be 15*-3*d/45 + 9. Suppose 0 = -3*y - y + 176. What is the highest common factor of w and y?
4
Suppose -51520 = -21*y + 12845. Let c be (0 + 1)/(-9 + y/340). Calculate the highest common divisor of c and 187.
17
Let q(d) = -9*d**3 - 56*d**2 - 188*d - 3. Let v be q(-3). What is the greatest common divisor of 1170 and v?
30
Let s = -2457 + 2487. Calculate the greatest common divisor of s and 1182.
6
Suppose 28*s + 8 = 30*s. Let u = 9 - 5. Suppose 0 = -4*k + 3*h + 273, -u*h + 5*h = -s*k + 293. What is the highest common factor of 9 and k?
9
Let u be (-1286)/((-7)/(-8) - 1 - 205/1640). Calculate the greatest common factor of u and 16.
8
Let q(z) = -72*z - 2220. Let w be q(-35). Let j be (2 - 1 - 25)*-5. Calculate the greatest common factor of w and j.
60
